 of 310179082?
2, 9941, 15601
List the prime factors of 74625206.
2, 17, 59, 37201
What are the prime factors of 1221456472?
2, 839, 181981
List the prime factors of 3716159212.
2, 1297, 716299
List the prime factors of 40638888.
2, 3, 188143
What are the prime factors of 330114338?
2, 165057169
What are the prime factors of 661975359?
3, 17, 12979909
List the prime factors of 1464612090.
2, 3, 5, 607, 80429
List the prime factors of 41025712.
2, 7, 13, 19, 1483
What are the prime factors of 3726940879?
229, 1423, 11437
List the prime factors of 414019060.
2, 5, 7, 13, 109, 2087
List the prime factors of 2670578580.
2, 3, 5, 44509643
List the prime factors of 2008469.
2008469
What are the prime factors of 99161422?
2, 137, 361903
What are the prime factors of 235460958?
2, 3, 19, 173, 11939
What are the prime factors of 48673692?
2, 3, 431, 3137
List the prime factors of 239723774.
2, 163, 701, 1049
What are the prime factors of 5857419531?
3, 41, 61, 199, 3923
What are the prime factors of 278833520?
2, 5, 7, 83, 857
List the prime factors of 418564315.
5, 13, 6439451
What are the prime factors of 81429865?
5, 11, 1480543
List the prime factors of 5851108301.
5851108301
What are the prime factors of 216270744?
2, 3, 9011281
What are the prime factors of 336077377?
19, 317, 55799
List the prime factors of 5285156090.
2, 5, 19, 79, 352109
What are the prime factors of 382282171?
673, 568027
List the prime factors of 19530058.
2, 9765029
List the prime factors of 8113127779.
8113127779
List the prime factors of 4230332785.
5, 7, 17, 7109803
List the prime factors of 2667096423.
3, 7577, 13037
List the prime factors of 254992185.
3, 5, 7, 83, 3251
List the prime factors of 571874406.
2, 3, 95312401
List the prime factors of 523280192.
2, 101, 80953
What are the prime factors of 275707337?
5987, 46051
List the prime factors of 369141786.
2, 3, 13, 58427
List the prime factors of 41106190.
2, 5, 41, 107, 937
List the prime factors of 141358651.
7, 19, 1062847
List the prime factors of 65053043.
11, 5913913
What are the prime factors of 250397089?
109, 2297221
What are the prime factors of 7689547815?
3, 5, 512636521
List the prime factors of 491863590.
2, 3, 5, 109, 619
List the prime factors of 432306174.
2, 3, 72051029
What are the prime factors of 3981298?
2, 17, 19, 6163
List the prime factors of 471585864.
2, 3, 19649411
What are the prime factors of 657933262?
2, 7, 23, 967, 2113
List the prime factors of 506826820.
2, 5, 25341341
What are the prime factors of 847864815?
3, 5, 7, 8074903
What are the prime factors of 151374951?
3, 7, 13, 184829
List the prime factors of 332394272.
2, 7, 1483903
What are the prime factors of 138615340?
2, 5, 103, 67289
List the prime factors of 364848900.
2, 3, 5, 13, 17, 5503
List the prime factors of 800835548.
2, 37, 5411051
What are the prime factors of 2683469965?
5, 11, 48790363
What are the prime factors of 62020952?
2, 7, 149, 7433
What are the prime factors of 30842878?
2, 11, 1401949
What are the prime factors of 33761449?
31, 241, 4519
List the prime factors of 160432333.
19, 37, 228211
List the prime factors of 917249832.
2, 3, 37, 67, 571
What are the prime factors of 2369964860?
2, 5, 6599, 17957
List the prime factors of 13118680.
2, 5, 327967
List the prime factors of 179445098.
2, 7, 17, 29, 25999
List the prime factors of 342114720.
2, 3, 5, 712739
What are the prime factors of 936677256?
2, 3, 43, 929, 977
What are the prime factors of 5550594539?
7, 83, 541, 17659
What are the prime factors of 1710641593?
1710641593
List the prime factors of 100304706.
2, 3, 37, 451823
What are the prime factors of 20962198?
2, 10481099
What are the prime factors of 18330968?
2, 761, 3011
What are the prime factors of 715319449?
13, 227, 242399
What are the prime factors of 5415766605?
3, 5, 2887, 41687
What are the prime factors of 216513420?
2, 3, 5, 29, 124433
List the prime factors of 3114376963.
19, 31, 97, 151
List the prime factors of 60900772.
2, 317, 48029
What are the prime factors of 4008892431?
3, 263, 271, 18749
What are the prime factors of 449551679?
127, 3539777
What are the prime factors of 20315484?
2, 3, 7, 19, 4243
List the prime factors of 41842598.
2, 7, 19, 157303
List the prime factors of 4877802992.
2, 304862687
List the prime factors of 81495782.
2, 41, 993851
List the prime factors of 20089124.
2, 11, 456571
List the prime factors of 897349.
897349
List the prime factors of 5707324.
2, 7, 37, 787
What are the prime factors of 143819390?
2, 5, 11, 13, 41, 223
List the prime factors of 416663855.
5, 61, 71, 271
What are the prime factors of 3262042950?
2, 3, 5, 2731, 7963
What are the prime factors of 3312029957?
107, 30953551
List the prime factors of 3808106176.
2, 7, 127, 66931
What are the prime factors of 555470144?
2, 8679221
What are the prime factors of 559539514?
2, 29, 131, 73643
What are the prime factors of 1850099167?
7, 29, 59, 113, 1367
What are the prime factors of 4582921194?
2, 3, 83, 37871
List the prime factors of 1913924815.
5, 11, 19, 1831507
List the prime factors of 2270810640.
2, 3, 5, 7, 47, 28759
List the prime factors of 30609859.
7, 89, 7019
What are the prime factors of 1234373015?
5, 97, 101, 113, 223
List the prime factors of 88473695.
5, 17, 41, 53, 479
What are the prime factors of 976776479?
7, 131, 971, 1097
List the prime factors of 1608676439.
19, 84667181
What are the prime factors of 931932739?
191, 1973, 2473
What are the prime factors of 33212203?
17, 1953659
What are the prime factors of 486714350?
2, 5, 9734287
What are the prime factors of 88888997?
23, 31, 124669
What are the prime factors of 5480184565?
5, 1096036913
What are the prime factors of 391154481?
3, 431, 33613
List the prime factors of 30405767.
7, 4343681
List the prime factors of 14624742.
2, 3, 11, 221587
What are the prime factors of 77863664?
2, 79, 229, 269
List the prime factors of 54941758.
2, 163, 168533
What are the prime factors of 60503037?
3, 7, 2881097
What are the prime factors of 63230581?
211, 299671
List the prime factors of 298593403.
298593403
What are the prime factors of 3601323?
3, 11, 3307
What are the prime factors of 141343921?
1063, 132967
What are the prime factors of 105173821?
61, 967, 1783
What are the prime factors of 1709570853?
3, 1439, 4889
List the prime factors of 23805940.
2, 5, 953, 1249
What are the prime factors of 3793567898?
2, 31, 977, 62627
What are the prime factors of 35165958?
2, 3, 5860993
List the prime factors of 381741628.
2, 373, 255859
What are the prime factors of 593110690?
2, 5, 59311069
List the prime factors of 2027248758.
2, 3, 112624931
List the prime factors of 102643047.
3, 13, 877291
List the prime factors of 93008880.
2, 3, 5, 101, 1279
What are the prime factors of 1806593070?
2, 3, 5, 60219769
List the prime factors of 541999215.
3, 5, 4014809
List the prime factors of 37323198.
2, 3, 11, 251, 751
What are the prime factors of 98634822?
2, 3, 11, 13, 37, 239
List the prime factors of 194338890.
2, 3, 5, 47, 45943
What are the prime factors of 45895513?
45895513
List the prime factors of 1011196303.
13, 479, 162389
What are the prime factors of 5785155649?
7, 13, 1297411
What are the prime factors of 576137735?
5, 17, 1787, 3793
List the prime factors of 80509559.
13, 6193043
What are the prime factors of 23869639?
29, 659, 1249
List the prime factors of 5179965.
3, 5, 7, 49333
List the prime factors of 520684611.
3, 173561537
List the prime factors of 200849945.
5, 40169989
What are the prime factors of 1114914151?
13, 3931, 21817
List the prime factors of 2456887551.
3, 331, 2474207
What are the prime factors of 1611314268?
2, 3, 41, 53, 61, 1013
What are the prime factors of 25431745?
5, 17, 299197
What are the prime factors of 155612830?
2, 5, 61, 71, 3593
What are the prime factors of 301588133?
7, 11, 467, 8387
List the prime factors of 4306683.
3, 1435561
What are the prime factors of 47059129?
13, 269, 13457
What are the prime factors of 2118184756?
2, 529546189
What are the prime factors of 3084979916?
2, 19, 107, 349, 1087
What are the prime factors of 102272119?
17, 113, 53239
What are the prime factors of 3043719872?
2, 31, 1534133
What are the prime factors of 195935598?
2, 3, 311, 3889
What a